h(k) = 10*k + 5. What are the prime factors of h(7)?
3, 5
Let t(l) = -l**3 + 6*l**2 + 2*l + 2. List the prime factors of t(6).
2, 7
Suppose 2*y = 10 - 2. Suppose 2*r + y*d - 16 = 5*d, -62 = -5*r - 3*d. Suppose 0 = -3*h - 5*m + r, 2*m = -4*h - m + 28. What are the prime factors of h?
2, 5
Suppose -124 = -3*m - m. List the prime factors of m.
31
Suppose -122 = -5*w + 198. What are the prime factors of w?
2
Suppose -r + 112 = 4*g, -7*r + 3*r = g - 433. List the prime factors of r.
2, 3
Suppose -4*n + 7 + 29 = 0. Suppose -5*t + 2*t + 111 = 0. Suppose -4*r - n = -t. What are the prime factors of r?
7
Suppose t + 4 = 6. What are the prime factors of t/(-6) + 128/6?
3, 7
List the prime factors of ((-228)/(-18))/(2/3).
19
Let g(d) = 2*d**3 - 5*d**2 - 9*d + 8. List the prime factors of g(5).
2, 11
Suppose -5*z = -207 + 52. What are the prime factors of z?
31
Suppose -4*b = -2*b - 4. Let c be -1 + (-1 - (1 + -39)). Suppose 0 = b*q - 6*q + c. List the prime factors of q.
3
Let b be (-139)/(-2) + 2/4. Suppose -2*z - 3*z + 61 = -2*s, -5*z = -5*s - b. Let n = z + -7. List the prime factors of n.
2
Let b = 3 + 0. Let k be 4*2/(12/b). Suppose -k*r + 14 + 16 = 0. List the prime factors of r.
3, 5
Let h = 31 - 17. Let k = h + -10. What are the prime factors of k?
2
Suppose w = -w. Suppose 2*j + 0*j - 10 = w. Suppose -l - 20 - 15 = -5*x, 35 = j*x + l. List the prime factors of x.
7
Let w = 4 + 0. Suppose 1 = w*m - 15. List the prime factors of (-12)/(-8) - (-18)/m.
2, 3
Let o(w) = 4*w - 8. Let x be o(6). Suppose -8 = -3*c - 2. Suppose 0*h - c*h = -x. What are the prime factors of h?
2
Let y be 40/(-12)*(-12)/10. Suppose y*j - v = 1 - 20, 5*j = 2*v - 23. List the prime factors of (4/(-6))/(j/90).
2, 3
Suppose -4*n - 24 = -n. Let f(b) = 6*b**2 + 2*b. Let g be f(3). What are the prime factors of (-2)/3*g/n?
5
Let s(l) = l**2 + 9*l - 5. What are the prime factors of s(-13)?
47
Let g(w) = -w**2 + 10*w + 13. Let q be g(11). Suppose -5*j - 2*t + 45 = 3*t, 0 = q*j + t - 19. List the prime factors of j.
2, 5
Suppose 4 = -c + 11. Let y(j) be the first derivative of -j**4/4 + 8*j**3/3 - 3*j**2 + 7*j + 1. List the prime factors of y(c).
2, 7
Let a(s) = 10*s. List the prime factors of a(1).
2, 5
Suppose -2*z + 9*z = 462. List the prime factors of z.
2, 3, 11
Suppose -4*j = -8*j. Suppose 4*d + 1 = 2*t + t, j = 5*t + 3*d - 50. List the prime factors of 0 + t + 3 + -2.
2
Suppose 0 = 4*o + q - 57, -2*o + 2*q = 4*q - 24. Let p(l) = 3*l + 6. Let w be p(-5). Let t = w + o. What are the prime factors of t?
2, 3
Let l be 279/54 + (-1)/6. Suppose 3*g - 94 = -j - 3*j, l*j + 101 = 2*g. What are the prime factors of g?
2, 19
List the prime factors of (-3)/(-6) + 290/4.
73
Let z be (2 + 3)/(1/1). Suppose -z*n - 3*f = -52, -2*n + f + 3*f = 0. List the prime factors of n.
2
Let n(y) = -y + 4. Let o be n(4). Suppose 2*u - 4 - 4 = o. Suppose 15 = 3*z - 2*j, -15 = -u*z - j + 16. List the prime factors of z.
7
Let v(n) = -13*n**2 - n. Let o be v(1). What are the prime factors of 153/21 + 4/o?
7
Let r(g) = g. Let p be r(4). Suppose 3*v = p + 5, -v = w - 19. What are the prime factors of w?
2
Let l(i) = -i**3 + 6*i**2 + 9*i - 9. What are the prime factors of l(6)?
3, 5
Let z(r) be the second derivative of 2*r + 0 - 2*r**2 - 4/3*r**3 - 1/12*r**4. What are the prime factors of z(-3)?
11
Let x = -38 + 22. Let v = -6 - x. List the prime factors of v.
2, 5
Suppose 0 = 5*w + 4*m - 2*m + 54, 4*m + 8 = 0. Let s be (-2 + 2/2)*-20. Let l = s + w. What are the prime factors of l?
2, 5
List the prime factors of -2 - (3 - (3 + 36)).
2, 17
Let s = -3 - -4. Let r = -1 + s. What are the prime factors of 4 + r + (1 - 0)?
5
Let i(q) be the third derivative of q**6/120 - q**5/10 - 5*q**4/24 - 5*q**3/6 - q**2. List the prime factors of i(7).
3
Let r(f) = -f**2 - 12*f + 21. List the prime factors of r(-12).
3, 7
Let n(d) = 2*d**2. Let z be n(-1). Suppose z*x - 10 = -2*b, 3*b + 0*b = 3*x - 3. What are the prime factors of b + 5 - 6/3?
5
Let o(x) = -26*x - 3. Let k(m) = -9*m - 1. Let d(t) = -17*k(t) + 6*o(t). Let g be d(4). Let p = -9 - g. List the prime factors of p.
2
Let f(v) = v**3 + 14*v**2 - v - 9. Let d be f(-14). Suppose -d*h + 2 = 2*j - 4*j, 0 = 2*j + h - 10. List the prime factors of j.
2
Suppose -3*d + 136 = 5*k, -3*d - 2*k - 42 + 163 = 0. List the prime factors of d.
37
What are the prime factors of 12/1*99/44?
3
Let u be ((-15)/6 + 2)*-22. Suppose 29 + u = 4*b. What are the prime factors of b?
2, 5
Let f be 0/(2/(-1 + 2)). Suppose 3*c + p - 82 = -2*c, f = -c + 5*p + 32. Suppose -2*l + c = -l. What are the prime factors of l?
17
Let a be 2/(-8) + 54/24. Suppose -a*s = -4*s + 14. Let i = s + -3. List the prime factors of i.
2
Let z(c) = 2*c**2 + 3*c - 1. Let t be z(2). Suppose 0 = -2*r + t + 5. Suppose r + 1 = w. What are the prime factors of w?
2, 5
Suppose -2*r + 34 = 2*d, 8*r = -4*d + 3*r + 72. List the prime factors of d.
13
Suppose -2*z + 22 = -0*z. List the prime factors of z.
11
Suppose 2*o + 164 = 4*d, -4*d + 2*o = -o - 166. Suppose 6*p - 4*p = d. List the prime factors of p.
2, 5
Let r be (-2 + (-42)/(-9))*12. Let n = -23 + r. List the prime factors of n.
3
Let n be 1 - 1/((-2)/20). Let m = n + -7. List the prime factors of 76/6 - m/6.
2, 3
Let p be 17 - (-1 + -2 + 2). Let w = 273 + -107. List the prime factors of w/p + 4/(-18).
3
Let h = 6 - 7. Let w = -7 - -10. Let r = w - h. What are the prime factors of r?
2
Let c(x) = 4*x - 29. What are the prime factors of c(12)?
19
Let m = 10 + -7. Let x be (63/(-3) - m) + 3. Let o = x + 34. What are the prime factors of o?
13
Let a(d) = -2*d**2 - 25*d - 17. List the prime factors of a(-11).
2
Let b = 128 - 66. List the prime factors of b.
2, 31
Let t(f) = -f**2 - 17*f - 21. List the prime factors of t(-14).
3, 7
Let v(r) = -r**3 - 4*r**2 + 3*r - 2. Let g be 9*(4/(-3) - -1). Let u(n) = -n**2 - n + 1. Let c be u(g). List the prime factors of v(c).
2
Let c(g) = g**2 + 4*g - 5. Let i be c(-5). Suppose -5*p + 45 = -i*p. List the prime factors of p.
3
Suppose -15 = -5*z + 10. Suppose 5*f - a = 42, 5*f + 0*a - 30 = -z*a. List the prime factors of f.
2
Let k = -12 - -15. Suppose 2*f + 7 = a, 5*a + 0*f - 51 = 2*f. Let o = k + a. List the prime factors of o.
2, 7
Suppose -4*i - 3*b + 3 = 10, b = -2*i - 1. Let f = 8 - i. List the prime factors of f.
2, 3
Let q be ((-12)/(-42))/(2/14). Suppose -2*z - 17 = -x, -x + q*z + 13 = -2*z. List the prime factors of x.
3, 7
Suppose 3*v - 12 + 0 = 0. Suppose v*s = 48 + 136. Suppose 5*i - 4*m - s = 0, 0 = 3*i - 2*m - 5 - 21. List the prime factors of i.
2, 3
Suppose -3*n = -b - 10, -n = -3*b - b - 18. Let x = b - -2. What are the prime factors of (3 - x) + 1 - 2?
2
Let a be (-50)/(-10) + (-4)/2. Suppose v = a*v. Suppose v = -0*s + 3*s - 63. List the prime factors of s.
3, 7
Let q be 65/10 + (-6)/4. Suppose q*d = 3*v - 15, -15 = -3*v - 4*d - 0*d. Suppose v = 3*a - 7. What are the prime factors of a?
2
What are the prime factors of (-20)/(-6)*6/4?
5
Let i(m) be the first derivative of m - 2 + 1/3*m**3 + 0*m**2. List the prime factors of i(-1).
2
Let t = -2 + 13. What are the prime factors of t?
11
Suppose 3*z - 4 = 2*y - 0, -12 = -z - 2*y. Suppose -2*l = -z - 12. What are the prime factors of l?
2
Suppose 286 - 70 = 4*v + 4*a, -v - 5*a + 34 = 0. What are the prime factors of v?
59
Let y = 8 - 6. Let q be y + -3 - -3 - -3. Suppose q*x - 4*i = 47, 2*x - 4 = -i + 7. What are the prime factors of x?
7
Suppose 4*i + 5*a = 70, 4*i = 5*a - 6*a + 62. Let r be (-1)/(1 - i/12). Suppose -m + 3 - 10 = -3*f, 0 = r*m + 3*f - 17. What are the prime factors of m?
2
Suppose -3*v = 3*p - 276, -2*v + 178 = 3*p - 4*p. List the prime factors of v.
2, 3, 5
Let h = -10 + 13. Suppose 4*v + h*p - 8 - 144 = 0, 3*p = 5*v - 190. What are the prime factors of v?
2, 19
Let a(c) = c - 3. Let n be a(7). Suppose 2*z + 112 = n*u, 0 = -0*z + 3*z + 12. What are the prime factors of u?
2, 13
Suppose -i + 6 = -5*o - 4, -2*i - 2*o = 4. Let c = i - -3. Suppose -3*u - 39 = -4*b, 0 = -2*b + c*b - 2*u - 16. List the prime factors of b.
2, 3
Let g(l) = -5*l - 4. Let c be (-40)/(-7) - 2/(-7). Suppose -20 = c*w - 2*w. List the prime factors of g(w).
3, 7
Suppose 3*y - 14 + 5 = 0. Suppose 3*b + y*d = -0*b + 27, d - 61 = -5*b. What are the prime factors of b?
13
Suppose 12 = 